{"id":6793,"date":"2024-08-01T17:34:32","date_gmt":"2024-08-01T15:34:32","guid":{"rendered":"https:\/\/caro-traiteur.com\/?post_type=product&#038;p=6793"},"modified":"2024-08-01T17:34:33","modified_gmt":"2024-08-01T15:34:33","slug":"croissant","status":"publish","type":"product","link":"https:\/\/www.caro-traiteur.com\/?product=croissant","title":{"rendered":"Croissant"},"content":{"rendered":"<p>Un croissant est une\u00a0<b>viennoiserie \u00e0 base d&rsquo;une\u00a0<span tabindex=\"0\" role=\"tooltip\"><span class=\"c5aZPb\" tabindex=\"0\" role=\"button\" data-enable-toggle-animation=\"true\" data-extra-container-classes=\"ZLo7Eb\" data-hover-hide-delay=\"1000\" data-hover-open-delay=\"500\" data-send-open-event=\"true\" data-theme=\"0\" data-width=\"250\" data-ved=\"2ahUKEwiIjMKbjNSHAxUvhP0HHY1KAUIQmpgGegQIHhAD\"><span class=\"JPfdse\" data-bubble-link=\"\" data-segment-text=\"p\u00e2te lev\u00e9e feuillet\u00e9e\">p\u00e2te lev\u00e9e feuillet\u00e9e<\/span><\/span><\/span>\u00a0sp\u00e9cifique, <\/b>la p\u00e2te \u00e0 croissant, qui comporte de la levure et une proportion importante de beurre.<\/p>\n","protected":false},"excerpt":{"rendered":"<p>Croissant :<\/p>\n<ul>\n<li>P\u00e2te feuillet\u00e9,<\/li>\n<li>\u0152uf,<\/li>\n<li>Beurre<\/li>\n<\/ul>\n","protected":false},"featured_media":6794,"comment_status":"open","ping_status":"closed","template":"","meta":{"om_disable_all_campaigns":false,"_monsterinsights_skip_tracking":false,"_monsterinsights_sitenote_active":false,"_monsterinsights_sitenote_note":"","_monsterinsights_sitenote_category":0,"_uf_show_specific_survey":0,"_uf_disable_surveys":false},"product_brand":[],"product_cat":[65],"product_tag":[80],"class_list":{"0":"post-6793","1":"product","2":"type-product","3":"status-publish","4":"has-post-thumbnail","6":"product_cat-viennoiserie","7":"product_tag-croissant","9":"first","10":"instock","11":"shipping-taxable","12":"purchasable","13":"product-type-simple"},"yoast_head":"<!-- This site is optimized with the Yoast SEO plugin v27.5 - https:\/\/yoast.com\/product\/yoast-seo-wordpress\/ -->\n<title>Croissant - Caro Traiteur - La meilleure p\u00e2tisserie de Thi\u00e8s rien que pour votre bien.<\/title>\n<meta name=\"description\" content=\"Un croissant est une\u00a0viennoiserie \u00e0 base d&#039;une\u00a0p\u00e2te lev\u00e9e feuillet\u00e9e\u00a0sp\u00e9cifique, qui comporte de la levure et une proportion importante de beurre.\u00a0\" \/>\n<meta name=\"robots\" content=\"index, follow, max-snippet:-1, max-image-preview:large, max-video-preview:-1\" \/>\n<link rel=\"canonical\" href=\"https:\/\/www.caro-traiteur.com\/?product=croissant\" \/>\n<meta property=\"og:locale\" content=\"fr_FR\" \/>\n<meta property=\"og:type\" content=\"article\" \/>\n<meta property=\"og:title\" content=\"Croissant - Caro Traiteur - La meilleure p\u00e2tisserie de Thi\u00e8s rien que pour votre bien.\" \/>\n<meta property=\"og:description\" content=\"Un croissant est une\u00a0viennoiserie \u00e0 base d&#039;une\u00a0p\u00e2te lev\u00e9e feuillet\u00e9e\u00a0sp\u00e9cifique, qui comporte de la levure et une proportion importante de beurre.\u00a0\" \/>\n<meta property=\"og:url\" content=\"https:\/\/www.caro-traiteur.com\/?product=croissant\" \/>\n<meta property=\"og:site_name\" content=\"Caro Traiteur\" \/>\n<meta property=\"article:modified_time\" content=\"2024-08-01T15:34:33+00:00\" \/>\n<meta property=\"og:image\" content=\"https:\/\/www.caro-traiteur.com\/wp-content\/uploads\/2024\/08\/Produit-Caro-T_Plan-de-travail-28.webp\" \/>\n\t<meta property=\"og:image:width\" content=\"1920\" \/>\n\t<meta property=\"og:image:height\" content=\"1920\" \/>\n\t<meta property=\"og:image:type\" content=\"image\/webp\" \/>\n<meta name=\"twitter:card\" content=\"summary_large_image\" \/>\n<meta name=\"twitter:title\" content=\"Croissant - Caro Traiteur - La meilleure p\u00e2tisserie de Thi\u00e8s rien que pour votre bien.\" \/>\n<meta name=\"twitter:description\" content=\"Un croissant est une\u00a0viennoiserie \u00e0 base d&#039;une\u00a0p\u00e2te lev\u00e9e feuillet\u00e9e\u00a0sp\u00e9cifique, qui comporte de la levure et une proportion importante de beurre.\u00a0\" \/>\n<meta name=\"twitter:image\" content=\"https:\/\/www.caro-traiteur.com\/wp-content\/uploads\/2024\/08\/Produit-Caro-T_Plan-de-travail-28.webp\" \/>\n<meta name=\"twitter:label1\" content=\"Dur\u00e9e de lecture estim\u00e9e\" \/>\n\t<meta name=\"twitter:data1\" content=\"1 minute\" \/>\n<script type=\"application\/ld+json\" class=\"yoast-schema-graph\">{\"@context\":\"https:\\\/\\\/schema.org\",\"@graph\":[{\"@type\":\"WebPage\",\"@id\":\"https:\\\/\\\/www.caro-traiteur.com\\\/?product=croissant\",\"url\":\"https:\\\/\\\/www.caro-traiteur.com\\\/?product=croissant\",\"name\":\"Croissant - Caro Traiteur - La meilleure p\u00e2tisserie de Thi\u00e8s rien que pour votre bien.\",\"isPartOf\":{\"@id\":\"https:\\\/\\\/www.caro-traiteur.com\\\/#website\"},\"primaryImageOfPage\":{\"@id\":\"https:\\\/\\\/www.caro-traiteur.com\\\/?product=croissant#primaryimage\"},\"image\":{\"@id\":\"https:\\\/\\\/www.caro-traiteur.com\\\/?product=croissant#primaryimage\"},\"thumbnailUrl\":\"https:\\\/\\\/www.caro-traiteur.com\\\/wp-content\\\/uploads\\\/2024\\\/08\\\/Produit-Caro-T_Plan-de-travail-28.webp\",\"datePublished\":\"2024-08-01T15:34:32+00:00\",\"dateModified\":\"2024-08-01T15:34:33+00:00\",\"description\":\"Un croissant est une\u00a0viennoiserie \u00e0 base d'une\u00a0p\u00e2te lev\u00e9e feuillet\u00e9e\u00a0sp\u00e9cifique, qui comporte de la levure et une proportion importante de beurre.\u00a0\",\"breadcrumb\":{\"@id\":\"https:\\\/\\\/www.caro-traiteur.com\\\/?product=croissant#breadcrumb\"},\"inLanguage\":\"fr-FR\",\"potentialAction\":[{\"@type\":\"ReadAction\",\"target\":[\"https:\\\/\\\/www.caro-traiteur.com\\\/?product=croissant\"]}]},{\"@type\":\"ImageObject\",\"inLanguage\":\"fr-FR\",\"@id\":\"https:\\\/\\\/www.caro-traiteur.com\\\/?product=croissant#primaryimage\",\"url\":\"https:\\\/\\\/www.caro-traiteur.com\\\/wp-content\\\/uploads\\\/2024\\\/08\\\/Produit-Caro-T_Plan-de-travail-28.webp\",\"contentUrl\":\"https:\\\/\\\/www.caro-traiteur.com\\\/wp-content\\\/uploads\\\/2024\\\/08\\\/Produit-Caro-T_Plan-de-travail-28.webp\",\"width\":1920,\"height\":1920,\"caption\":\"Croissant - Caro Traiteur - Meilleure P\u00e2tisserie de Thi\u00e8s\"},{\"@type\":\"BreadcrumbList\",\"@id\":\"https:\\\/\\\/www.caro-traiteur.com\\\/?product=croissant#breadcrumb\",\"itemListElement\":[{\"@type\":\"ListItem\",\"position\":1,\"name\":\"Home\",\"item\":\"https:\\\/\\\/www.caro-traiteur.com\\\/\"},{\"@type\":\"ListItem\",\"position\":2,\"name\":\"P\u00e2tisserie\",\"item\":\"https:\\\/\\\/www.caro-traiteur.com\\\/?page_id=10\"},{\"@type\":\"ListItem\",\"position\":3,\"name\":\"Croissant\"}]},{\"@type\":\"WebSite\",\"@id\":\"https:\\\/\\\/www.caro-traiteur.com\\\/#website\",\"url\":\"https:\\\/\\\/www.caro-traiteur.com\\\/\",\"name\":\"Caro Traiteur\",\"description\":\"Votre partenaire saveur\",\"publisher\":{\"@id\":\"https:\\\/\\\/www.caro-traiteur.com\\\/#organization\"},\"potentialAction\":[{\"@type\":\"SearchAction\",\"target\":{\"@type\":\"EntryPoint\",\"urlTemplate\":\"https:\\\/\\\/www.caro-traiteur.com\\\/?s={search_term_string}\"},\"query-input\":{\"@type\":\"PropertyValueSpecification\",\"valueRequired\":true,\"valueName\":\"search_term_string\"}}],\"inLanguage\":\"fr-FR\"},{\"@type\":\"Organization\",\"@id\":\"https:\\\/\\\/www.caro-traiteur.com\\\/#organization\",\"name\":\"Caro Traiteur\",\"url\":\"https:\\\/\\\/www.caro-traiteur.com\\\/\",\"logo\":{\"@type\":\"ImageObject\",\"inLanguage\":\"fr-FR\",\"@id\":\"https:\\\/\\\/www.caro-traiteur.com\\\/#\\\/schema\\\/logo\\\/image\\\/\",\"url\":\"https:\\\/\\\/www.caro-traiteur.com\\\/wp-content\\\/uploads\\\/2023\\\/10\\\/cropped-cropped-Logo_Caro-Line-04.png\",\"contentUrl\":\"https:\\\/\\\/www.caro-traiteur.com\\\/wp-content\\\/uploads\\\/2023\\\/10\\\/cropped-cropped-Logo_Caro-Line-04.png\",\"width\":1806,\"height\":857,\"caption\":\"Caro Traiteur\"},\"image\":{\"@id\":\"https:\\\/\\\/www.caro-traiteur.com\\\/#\\\/schema\\\/logo\\\/image\\\/\"}}]}<\/script>\n<!-- \/ Yoast SEO plugin. -->","yoast_head_json":{"title":"Croissant - Caro Traiteur - La meilleure p\u00e2tisserie de Thi\u00e8s rien que pour votre bien.","description":"Un croissant est une\u00a0viennoiserie \u00e0 base d'une\u00a0p\u00e2te lev\u00e9e feuillet\u00e9e\u00a0sp\u00e9cifique, qui comporte de la levure et une proportion importante de beurre.\u00a0","robots":{"index":"index","follow":"follow","max-snippet":"max-snippet:-1","max-image-preview":"max-image-preview:large","max-video-preview":"max-video-preview:-1"},"canonical":"https:\/\/www.caro-traiteur.com\/?product=croissant","og_locale":"fr_FR","og_type":"article","og_title":"Croissant - Caro Traiteur - La meilleure p\u00e2tisserie de Thi\u00e8s rien que pour votre bien.","og_description":"Un croissant est une\u00a0viennoiserie \u00e0 base d'une\u00a0p\u00e2te lev\u00e9e feuillet\u00e9e\u00a0sp\u00e9cifique, qui comporte de la levure et une proportion importante de beurre.\u00a0","og_url":"https:\/\/www.caro-traiteur.com\/?product=croissant","og_site_name":"Caro Traiteur","article_modified_time":"2024-08-01T15:34:33+00:00","og_image":[{"width":1920,"height":1920,"url":"https:\/\/www.caro-traiteur.com\/wp-content\/uploads\/2024\/08\/Produit-Caro-T_Plan-de-travail-28.webp","type":"image\/webp"}],"twitter_card":"summary_large_image","twitter_title":"Croissant - Caro Traiteur - La meilleure p\u00e2tisserie de Thi\u00e8s rien que pour votre bien.","twitter_description":"Un croissant est une\u00a0viennoiserie \u00e0 base d'une\u00a0p\u00e2te lev\u00e9e feuillet\u00e9e\u00a0sp\u00e9cifique, qui comporte de la levure et une proportion importante de beurre.\u00a0","twitter_image":"https:\/\/www.caro-traiteur.com\/wp-content\/uploads\/2024\/08\/Produit-Caro-T_Plan-de-travail-28.webp","twitter_misc":{"Dur\u00e9e de lecture estim\u00e9e":"1 minute"},"schema":{"@context":"https:\/\/schema.org","@graph":[{"@type":"WebPage","@id":"https:\/\/www.caro-traiteur.com\/?product=croissant","url":"https:\/\/www.caro-traiteur.com\/?product=croissant","name":"Croissant - Caro Traiteur - La meilleure p\u00e2tisserie de Thi\u00e8s rien que pour votre bien.","isPartOf":{"@id":"https:\/\/www.caro-traiteur.com\/#website"},"primaryImageOfPage":{"@id":"https:\/\/www.caro-traiteur.com\/?product=croissant#primaryimage"},"image":{"@id":"https:\/\/www.caro-traiteur.com\/?product=croissant#primaryimage"},"thumbnailUrl":"https:\/\/www.caro-traiteur.com\/wp-content\/uploads\/2024\/08\/Produit-Caro-T_Plan-de-travail-28.webp","datePublished":"2024-08-01T15:34:32+00:00","dateModified":"2024-08-01T15:34:33+00:00","description":"Un croissant est une\u00a0viennoiserie \u00e0 base d'une\u00a0p\u00e2te lev\u00e9e feuillet\u00e9e\u00a0sp\u00e9cifique, qui comporte de la levure et une proportion importante de beurre.\u00a0","breadcrumb":{"@id":"https:\/\/www.caro-traiteur.com\/?product=croissant#breadcrumb"},"inLanguage":"fr-FR","potentialAction":[{"@type":"ReadAction","target":["https:\/\/www.caro-traiteur.com\/?product=croissant"]}]},{"@type":"ImageObject","inLanguage":"fr-FR","@id":"https:\/\/www.caro-traiteur.com\/?product=croissant#primaryimage","url":"https:\/\/www.caro-traiteur.com\/wp-content\/uploads\/2024\/08\/Produit-Caro-T_Plan-de-travail-28.webp","contentUrl":"https:\/\/www.caro-traiteur.com\/wp-content\/uploads\/2024\/08\/Produit-Caro-T_Plan-de-travail-28.webp","width":1920,"height":1920,"caption":"Croissant - Caro Traiteur - Meilleure P\u00e2tisserie de Thi\u00e8s"},{"@type":"BreadcrumbList","@id":"https:\/\/www.caro-traiteur.com\/?product=croissant#breadcrumb","itemListElement":[{"@type":"ListItem","position":1,"name":"Home","item":"https:\/\/www.caro-traiteur.com\/"},{"@type":"ListItem","position":2,"name":"P\u00e2tisserie","item":"https:\/\/www.caro-traiteur.com\/?page_id=10"},{"@type":"ListItem","position":3,"name":"Croissant"}]},{"@type":"WebSite","@id":"https:\/\/www.caro-traiteur.com\/#website","url":"https:\/\/www.caro-traiteur.com\/","name":"Caro Traiteur","description":"Votre partenaire saveur","publisher":{"@id":"https:\/\/www.caro-traiteur.com\/#organization"},"potentialAction":[{"@type":"SearchAction","target":{"@type":"EntryPoint","urlTemplate":"https:\/\/www.caro-traiteur.com\/?s={search_term_string}"},"query-input":{"@type":"PropertyValueSpecification","valueRequired":true,"valueName":"search_term_string"}}],"inLanguage":"fr-FR"},{"@type":"Organization","@id":"https:\/\/www.caro-traiteur.com\/#organization","name":"Caro Traiteur","url":"https:\/\/www.caro-traiteur.com\/","logo":{"@type":"ImageObject","inLanguage":"fr-FR","@id":"https:\/\/www.caro-traiteur.com\/#\/schema\/logo\/image\/","url":"https:\/\/www.caro-traiteur.com\/wp-content\/uploads\/2023\/10\/cropped-cropped-Logo_Caro-Line-04.png","contentUrl":"https:\/\/www.caro-traiteur.com\/wp-content\/uploads\/2023\/10\/cropped-cropped-Logo_Caro-Line-04.png","width":1806,"height":857,"caption":"Caro Traiteur"},"image":{"@id":"https:\/\/www.caro-traiteur.com\/#\/schema\/logo\/image\/"}}]}},"_links":{"self":[{"href":"https:\/\/www.caro-traiteur.com\/index.php?rest_route=\/wp\/v2\/product\/6793","targetHints":{"allow":["GET"]}}],"collection":[{"href":"https:\/\/www.caro-traiteur.com\/index.php?rest_route=\/wp\/v2\/product"}],"about":[{"href":"https:\/\/www.caro-traiteur.com\/index.php?rest_route=\/wp\/v2\/types\/product"}],"replies":[{"embeddable":true,"href":"https:\/\/www.caro-traiteur.com\/index.php?rest_route=%2Fwp%2Fv2%2Fcomments&post=6793"}],"wp:featuredmedia":[{"embeddable":true,"href":"https:\/\/www.caro-traiteur.com\/index.php?rest_route=\/wp\/v2\/media\/6794"}],"wp:attachment":[{"href":"https:\/\/www.caro-traiteur.com\/index.php?rest_route=%2Fwp%2Fv2%2Fmedia&parent=6793"}],"wp:term":[{"taxonomy":"product_brand","embeddable":true,"href":"https:\/\/www.caro-traiteur.com\/index.php?rest_route=%2Fwp%2Fv2%2Fproduct_brand&post=6793"},{"taxonomy":"product_cat","embeddable":true,"href":"https:\/\/www.caro-traiteur.com\/index.php?rest_route=%2Fwp%2Fv2%2Fproduct_cat&post=6793"},{"taxonomy":"product_tag","embeddable":true,"href":"https:\/\/www.caro-traiteur.com\/index.php?rest_route=%2Fwp%2Fv2%2Fproduct_tag&post=6793"}],"curies":[{"name":"wp","href":"https:\/\/api.w.org\/{rel}","templated":true}]}}